Convert -26 (base 11) to base 2.
-11100
Convert -4 (base 9) to base 8.
-4
-2 (base 14) to base 15
-2
What is -4 (base 5) in base 6?
-4
-148 (base 10) to base 11
-125
Convert -1 (base 14) to base 6.
-1
Convert 1 (base 3) to base 7.
1
What is -3 (base 16) in base 7?
-3
Convert 184 (base 9) to base 15.
a7
Convert -17 (base 9) to base 11.
-15
What is 1 (base 12) in base 13?
1
Convert 100111100 (base 2) to base 3.
102201
67 (base 11) to base 9
81
What is -10 (base 2) in base 12?
-2
3 (base 8) to base 14
3
Convert 78 (base 11) to base 7.
151
-12 (base 12) to base 7
-20
Convert -2 (base 3) to base 7.
-2
-6a (base 16) to base 13
-82
143 (base 5) to base 12
40
What is -3 (base 5) in base 14?
-3
What is -18 (base 13) in base 6?
-33
-3120 (base 4) to base 10
-216
What is -343 (base 5) in base 15?
-68
What is 9 (base 16) in base 8?
11
What is 24 (base 6) in base 8?
20
4 (base 6) to base 4
10
Convert 1101 (base 4) to base 6.
213
252 (base 6) to base 11
95
What is -1101111 (base 2) in base 11?
-a1
Convert -11 (base 15) to base 11.
-15
Convert 0 (base 3) to base 4.
0
What is -54 (base 7) in base 9?
-43
Convert 13 (base 13) to base 4.
100
Convert 2 (base 15) to base 8.
2
What is 26 (base 8) in base 14?
18
2 (base 11) to base 8
2
-6b (base 15) to base 5
-401
What is -4 (base 14) in base 10?
-4
-23 (base 13) to base 4
-131
What is -41 (base 11) in base 3?
-1200
-10100 (base 2) to base 5
-40
Convert -8 (base 10) to base 5.
-13
Convert -30 (base 4) to base 9.
-13
Convert 16 (base 8) to base 6.
22
-1 (base 4) to base 6
-1
What is -100 (base 2) in base 8?
-4
What is 11 (base 5) in base 16?
6
Convert 0 (base 10) to base 9.
0
Convert 3 (base 4) to base 12.
3
What is 2 (base 15) in base 3?
2
-125 (base 10) to base 6
-325
29 (base 12) to base 13
27
-2 (base 4) to base 15
-2
What is -31 (base 5) in base 10?
-16
What is -110010 (base 3) in base 2?
-101000111
What is 4 (base 16) in base 14?
4
What is 5 (base 12) in base 8?
5
Convert 110001 (base 2) to base 11.
45
What is -2 (base 15) in base 8?
-2
ee (base 16) to base 14
130
-18 (base 14) to base 6
-34
11 (base 3) to base 16
4
Convert -3 (base 6) to base 7.
-3
6 (base 11) to base 15
6
What is 21 (base 16) in base 8?
41
What is 10200 (base 3) in base 6?
243
What is -34 (base 6) in base 10?
-22
What is 0 (base 13) in base 8?
0
What is -44 (base 11) in base 13?
-39
Convert 4 (base 10) to base 14.
4
3 (base 7) to base 16
3
What is -1032 (base 5) in base 3?
-12021
11 (base 7) to base 12
8
-11 (base 4) to base 7
-5
-1041 (base 6) to base 8
-361
4 (base 12) to base 3
11
What is -95 (base 13) in base 6?
-322
What is 1e (base 16) in base 9?
33
-2 (base 13) to base 4
-2
Convert -44 (base 5) to base 6.
-40
Convert 103 (base 5) to base 6.
44
What is 2 (base 7) in base 16?
2
What is -10111 (base 3) in base 9?
-114
-ac (base 15) to base 7
-321
18 (base 11) to base 12
17
-23 (base 4) to base 3
-102
15 (base 11) to base 12
14
What is 10 (base 2) in base 11?
2
What is -1 (base 15) in base 2?
-1
Convert -4 (base 10) to base 15.
-4
What is 17 (base 13) in base 8?
24
-32 (base 4) to base 6
-22
48 (base 10) to base 5
143
10 (base 4) to base 11
4
Convert 25 (base 8) to base 14.
17
What is 1 (base 7) in base 6?
1
-c (base 16) to base 13
-c
32 (base 10) to base 14
24
-7 (base 12) to base 6
-11
Convert 110001 (base 2) to base 3.
1211
108 (base 11) to base 3
11210
What is -8 (base 12) in base 9?
-8
Convert 4 (base 5) to base 8.
4
-3 (base 6) to base 10
-3
Convert 59 (base 10) to base 4.
323
Convert 20000 (base 3) to base 5.
1122
What is 43 (base 8) in base 6?
55
3 (base 15) to base 8
3
-2 (base 11) to base 9
-2
-3 (base 14) to base 7
-3
-22 (base 6) to base 3
-112
-422 (base 7) to base 3
-21212
24 (base 7) to base 8
22
What is -10 (base 2) in base 7?
-2
-15 (base 12) to base 9
-18
Convert 5 (base 13) to base 12.
5
-6d (base 14) to base 8
-141
55 (base 7) to base 14
2c
Convert 100001100 (base 2) to base 5.
2033
1111101 (base 2) to base 8
175
What is -10 (base 11) in base 9?
-12
Convert -122 (base 4) to base 14.
-1c
What is 3 (base 13) in base 11?
3
What is -7 (base 10) in base 15?
-7
Convert 224 (base 5) to base 6.
144
Convert -107 (base 9) to base 14.
-64
What is 111101 (base 2) in base 12?
51
Convert 3 (base 8) to base 10.
3
-1 (base 2) to base 14
-1
11 (base 2) to base 6
3
Convert -298 (base 10) to base 3.
-102001
11 (base 4) to base 5
10
10021 (base 3) to base 9
107
What is 1011 (base 2) in base 12?
b
21 (base 8) to base 3
122
Convert -12 (base 4) to base 9.
-6
Convert 2200 (base 3) to base 7.
132
Convert 1f (base 16) to base 9.
34
-80 (base 13) to base 12
-88
17 (base 11) to base 15
13
-4 (base 6) to base 9
-4
10011 (base 2) to base 9
21
Convert 0 (base 5) to base 15.
0
What is 127 (base 10) in base 9?
151
Convert 4 (base 6) to base 2.
100
What is 2012 (base 3) in base 9?
65
What is -64 (base 9) in base 7?
-112
Convert 14 (base 5) to base 11.
9
Convert -10 (base 2) to base 15.
-2
What is -1 (base 9) in base 6?
-1
What is 10 (base 5) in base 6?
5
-61 (base 9) to base 12
-47
Convert -40 (base 9) to base 3.
-1100
Convert -4 (base 12) to base 4.
-10
What is -26 (base 15) in base 4?
-210
What is -57 (base 14) in base 6?
-205
What is 2 (base 16) in base 3?
2
What is 10100111 (base 2) in base 16?
a7
-2 (base 15) to base 6
-2
What is 1 (base 5) in base 16?
1
Convert -8 (base 9) to base 14.
-8
What is 4 (base 10) in base 6?
4
Convert 423 (base 7) to base 6.
553
What is -100 (base 3) in base 2?
-1001
What is 111 (base 2) in base 8?
7
-3 (base 7) to base 13
-3
3 (base 13) to base 9
3
Convert 110 (base 5) to base 14.
22
What is 23 (base 7) in base 14?
13
-cb (base 14) to base 7
-344
3 (base 5) to base 8
3
1112 (base 4) to base 8
126
0 (base 6) to base 9
0
What is 99 (base 13) in base 10?
126
1000 (base 2) to base 14
8
Convert c4 (base 16) to base 11.
169
Convert -41 (base 12) to base 10.
-49
-2 (base 6) to base 7
-2
Convert 32 (base 5) to base 15.
12
What is -5 (base 13) in base 12?
-5
Convert 102 (base 5) to base 15.
1c
342 (base 6) to base 10
134
Convert 1 (base 8) to base 4.
1
What is 2001 (base 3) in base 4?
313
Convert 200 (base 5) to base 9.
55
-4 (base 10) to base 14
-4
Convert 140 (base 5) to base 8.
55
1 (base 14) to base 15
1
Convert -13 (base 15) to base 8.
-22
Convert -11 (base 4) to base 5.
-10
What is 20020 (base 3) in base 15?
b3
What is 10111 (base 2) in base 6?
35
22 (base 15) to base 12
28
48 (base 13) to base 10
60
39 (base 16) to base 11
52
Convert -10000000 (base 2) to base 6.
-332
What is 14 (base 14) in base 3?
200
-145 (base 8) to base 9
-122
What is -101 (base 10) in base 3?
-10202
What is d (base 14) in base 12?
11
Convert 7 (base 9) to base 16.
7
-1 (base 7) to base 12
-1
What is 2011 (base 4) in base 7?
250
What is 100 (base 2) in base 15?
4
What is -58 (base 12) in base 4?
-1010
What is -20 (base 3) in base 11?
-6
90 (base 16) to base 4
2100
What is -10 (base 12) in base 3?
-110
Convert 189 (base 10) to base 6.
513
3 (base 5) to base 6
3
What is 4 (base 10) in base 4?
10
Convert 1 (base 9) to base 10.
1
What is 101 (base 2) in base 3?
12
Convert 11 (base 4) to base 10.
5
What is -13a (base 14) in base 2?
-11111000
Convert -10212 (base 3) to base 10.
-104
What is -223 (base 7) in base 4?
-1303
110100 (base 2) to base 11
48
1 (base 10) to base 3
1
What is -27 (base 10) in base 8?
-33
Convert -13 (base 6) to base 5.
-14
10 (base 7) to base 10
7
Convert -3 (base 14) to base 2.
-11
What is -211 (base 3) in base 8?
-26
-12022 (base 3) to base 4
-2033
88 (base 10) to base 7
154
Convert -5 (base 7) to base 8.
-5
Convert 11101 (base 2) to base 11.
27
0 (base 3) to base 14
0
-4 (base 6) to base 16
-4
-2 (base 3) to base 7
-2
Convert 27 (base 13) to base 15.
23
What is 10 (base 4) in base 2?
100
-3 (base 15) to base 4
-3
-1 (base 2) to base 6
-1
What is -16 (base 7) in base 4?
-31
What is 1 (base 3) in base 14?
1
What is -9b (base 13) in base 2?
-10000000
Convert -22 (base 14) to base 10.
-30
Convert 4 (base 5) to base 8.
4
Convert 0 (base 2) to base 9.
0
Convert 6 (base 16) to base 4.
12
What is -1 (base 3) in base 4?
-1
-1004 (base 5) to base 4
-2001
Convert 35 (base 13) to base 15.
2e
-11 (base 7) to base 2
-1000
What is e (base 16) in base 10?
14
Convert 6 (base 12) to base 4.
12
311 (base 4) to base 9
58
What is 2 (base 15) in 